3 + s**2. Give z(w).
5
Let k(f) = -18*f**3 + f**2 - f - 1. Let m be k(-1). Suppose -m - 29 = -16*o. Let i(t) = t**3 - 3*t**2 + 2*t + 1. Determine i(o).
7
Suppose -20*p + 24*p = 0. Let d(s) = 4 - 130*s**2 - 2 + 0 + 129*s**2. What is d(p)?
2
Let f(v) = 60 + 20*v - 49 - 18*v. Determine f(-10).
-9
Let w = 245 + -246. Let k(z) = 15*z + 1. Give k(w).
-14
Suppose -4*z + 25 = -w, 4*z - 10 = 5*w + 7*z. Let a(l) = l + 10. Determine a(w).
5
Let w be (-3 + 1)/(-2*(-1)/(-3)). Suppose -4 = 5*d + 4*p + 18, w*d - 4*p + 26 = 0. Let o(z) = z**3 + 6*z**2 + z + 4. What is o(d)?
-2
Suppose -14*z + 11*z - 45 = -3*i, -4*i + z + 57 = 0. Let s(v) = v - 17. Give s(i).
-3
Let c be 3/(-21)*350/(-1000). Let f(d) be the second derivative of 0 + 0*d**2 - 8*d - c*d**5 - 1/6*d**3 + 1/4*d**4. What is f(2)?
2
Let g = -17 - -20. Suppose -k + 3*o - 8 = 0, g*k = -o - o - 2. Let t(n) = 4*n + 2. What is t(k)?
-6
Let k(m) be the third derivative of m**4/24 - m**3/6 - 2*m**2 + 280*m. Let c(h) = h**2 - 3*h - 4. Let v be c(4). What is k(v)?
-1
Suppose -2*i - s = 8, 0 = 2*i - i - 3*s - 3. Let v(c) be the second derivative of c**3/6 - 3*c**2/2 - 38*c. Calculate v(i).
-6
Let a(g) = 3*g + 12. Let r(f) = -f**3 + 8*f**2 - 8*f + 1. Let z be r(7). Let y be -5*1 - (z + 9). What is a(y)?
-12
Let i(r) = r**2 + 4*r - 5. Suppose w + 25 = 2*c - 0*w, 0 = 3*w + 3. Suppose 3*l - 6 = 0, c = -2*j - l + 2. Determine i(j).
7
Let h(q) = q**3 + 6*q + 0*q**2 + 6 + 6*q**2 - 4. Let j be ((-1)/(-1))/(2/(-22)). Let w(t) = -t**3 - 12*t**2 - 10*t + 6. Let p be w(j). Calculate h(p).
-3
Suppose -6*k + 5*k = 18. Let v be k/12*24/9. Let q(s) = -s**2 - 4*s - 1. Give q(v).
-1
Let z(u) = 7856*u**3 - u**2 + 4 - 3 - u**2 - 7874*u**3. What is z(-1)?
17
Let m(j) = -8*j - 32. Let n be m(-5). Let b = n + -9. Let i(c) = -2*c**3 + c**2 + c + 1. What is i(b)?
3
Suppose 2*a = -5*b - 2, 2 = 2*a + 2*b + 4. Let p(m) = m - 2. Give p(a).
-3
Let g(k) = 3*k + 4. Let j(q) = -q**3 - 4*q**2 - 3*q - 3. Let n be j(-2). Suppose 152 + 1675 = 87*b. Let o be n/10 + b/(-6). Give g(o).
-8
Let b(v) = 1 - 8*v**2 + v**3 - 3*v - 2 + 7*v**2. Let w be 3/(-2)*(-10 - -8). Give b(w).
8
Let r be 2 + (-3 + 2 - -2). Let v(g) be the first derivative of 0*g**2 - 1/3*g**3 + 4*g + 18. Calculate v(r).
-5
Let k = 197 - 209. Let d(y) = y**3 + 13*y**2 + 12*y + 14. Calculate d(k).
14
Let y(t) be the second derivative of t**5/20 + t**4/6 - 2*t**3/3 - 2*t**2 - 7*t. Let z be y(-3). Let w(n) = -n**2 + 8 - 6*n**2 - 2*n - 9. Determine w(z).
-6
Let v(m) be the second derivative of m**6/360 - 7*m**5/120 + m**4/3 + 5*m**3/3 - 3*m. Let i(r) be the second derivative of v(r). Give i(6).
2
Let x(t) = 7*t + 23. Suppose 5*q - 31 = 3*a, -12*q = -11*q - 2. Calculate x(a).
-26
Let s = -14 + 19. Let k(d) = d**2. Let j(n) = -4*n**2 + 5*n - 6. Let a(z) = j(z) + 3*k(z). Determine a(s).
-6
Suppose 4*c + 7 = 39. Let p(f) = 13*f**2 - 3*f + 14. Let o(s) = 15*s**2 - 2*s + 15. Let d(g) = 6*o(g) - 7*p(g). Give d(c).
0
Let t(u) = -2*u**3 + 4*u**2 + 8*u - 7. Let v be t(3). Let z(b) = 3*b**3. Determine z(v).
-3
Let r(u) = -u**2 + 2*u + 2. Suppose -3*n - 2*p + 8 = 0, -1 = 4*p + 7. Give r(n).
-6
Let d(q) = -1 + q**3 - 4*q + 0*q**3 + 6*q**2 - 2*q**3. Let i be d(5). Let b(h) = h - i - 5*h + 2*h - 4. Give b(-7).
6
Let d(l) = -6 + 3*l - 3*l - l + 16. What is d(7)?
3
Let c = 24 - 19. Let t(a) = 2*a**2 + 5*a - 6. Let l(u) = 3*u**2 + 5*u - 6. Let y(b) = -3*l(b) + 4*t(b). Determine y(c).
-6
Let j(a) = 2*a - 7. Let s(o) = 2*o - 7. Let c(z) = -3*j(z) + 2*s(z). Let g = -62 + 68. Determine c(g).
-5
Let y(c) be the second derivative of c**3/3 - 5*c**2/2 + 786*c. Suppose 0 = -3*a + 9 + 3. Give y(a).
3
Let x(n) = 43 - 10*n + 18*n - 112. Let a be x(9). Let r(k) be the second derivative of k**3/3 + k**2 - k. Determine r(a).
8
Let y = 2 + 13. Let q = y + -16. Let t(l) = -3*l + 7. Let m(c) = -1. Let z(o) = q*t(o) - 5*m(o). Calculate z(3).
7
Let y(d) be the first derivative of d**2/2 - 2*d + 7. Suppose 4*z + 2 - 22 = 0. Suppose -f + z = -0. Give y(f).
3
Let f(o) = -7*o**3 + 3*o**2 + 8*o - 9. Let q(l) = 20*l**3 - 9*l**2 - 24*l + 26. Let b(u) = -17*f(u) - 6*q(u). Suppose 4*p + 70 - 90 = 0. Give b(p).
-13
Let w be ((-63)/(-14))/((-1)/(-2)). Let l(v) = -w*v - v + 9*v. Give l(5).
-5
Let r(n) = n**3 + 7*n**2 - 9*n - 3. Let h(j) = -j**2 - 12*j + 25. Let o be h(-12). Let p = o - 33. Give r(p).
5
Let g(n) be the second derivative of -n**3/3 + 3*n**2/2 + 48*n. What is g(-4)?
11
Let n(h) = -h**2 - 12*h - 22. Suppose -108 = 21*f + 81. What is n(f)?
5
Suppose 94*z - 78*z = 0. Let i(b) = -b**2 - 38. What is i(z)?
-38
Let x(w) = -w**3 - w**2 - w - 7. Suppose -2 = -0*n - n. Suppose 0 = 20*z - 33 - 7. Suppose 10 = -5*r, -k = n*r - r + z. Give x(k).
-7
Let y(m) = -m**3 + 7*m**2 + 5*m + 8. Let h = -724 + 732. Give y(h).
-16
Let g(p) be the second derivative of 1/2*p**2 + 1/5*p**5 + 0*p**4 - 1/6*p**3 + 0 + 26*p. Suppose -4*b = k - 2*k - 3, 5*k - 2 = 3*b. What is g(k)?
4
Let r(u) = -u + 4. Let j(o) = -o**3 - 12*o**2 - 10*o - 8. Let k be j(-11). Let a(f) = f**2 + 20*f + 23. Let x be a(k). Give r(x).
0
Let w(m) = -19 + 37 + m - 11. Let x(y) = 10*y + 1. Let o be x(-1). Give w(o).
-2
Let h(z) = -6*z + 3 + 0 + 53*z**2 - 26*z**2 + z**3 + 2 - 31*z**2. Suppose 5*k = 5*s - 50, 0*s - 5*s + 10 = 3*k. What is h(s)?
0
Let j be 10/(-15) - (-4)/(-3). Let t be (5 + -15)*j/(-5). Let z(n) = -n + 4. What is z(t)?
8
Let d(t) = 5*t**2 - 28*t + 8. Let f(r) = -11*r**2 + 57*r - 15. Let l(m) = 5*d(m) + 2*f(m). Give l(8).
-6
Let d(u) = -7*u**2 + u + 1. Let x(f) = 5*f - 61. Let c be x(12). What is d(c)?
-7
Let k(t) = 2192*t**2 - 1 + 2195*t**2 - 4384*t**2 - t. Determine k(-1).
3
Let n(s) = -s**2 - 2*s + 6. Let w be n(-3). Suppose -w*o + 15 = -8*o. Let c(f) be the third derivative of -f**4/8 - f**3/2 - f**2. Calculate c(o).
6
Let s be 3/(-36) + 2/8. Let m(n) be the third derivative of 0*n + 1/120*n**6 + 1/12*n**4 + 0 + 1/20*n**5 - s*n**3 + 2*n**2. What is m(-2)?
-1
Let q(s) = -s**3 + 4*s**2 + 3*s + 2. Suppose 39 - 11 = 7*p. Give q(p).
14
Suppose 8*o = 5*o + 15. Let f(i) = -i**2 + 4*i + 2. Let v(k) = 3*k**2 - 7*k - 5. Let j(x) = o*f(x) + 2*v(x). Let b(u) = 3*u - 45. Let q be b(13). What is j(q)?
0
Let f be (12/10)/(2/5). Let g(h) = 73*h**3 - 2 - 74*h**3 + h**2 + 3*h**2. Calculate g(f).
7
Let i(k) = k - 4. Let d be (-54)/(-12)*(-8)/(-6). Let u be i(d). Let s(a) = u*a**3 + 2*a - 17 + 16 - 5*a**3 + 6*a**2 + 2*a**3. What is s(6)?
11
Let q(i) = -3*i**3 - 2*i**2 + 6*i - 1. Let c(v) = v**3 - v**2. Let o = -15 + 16. Let f(a) = o*q(a) + 2*c(a). What is f(-5)?
-6
Let n(a) = a**2 + 7*a - 6. Let k = 4 + -12. Let l be n(k). Let z(t) = -l*t - 2*t + 1 + t - t**2 + 6*t. Calculate z(3).
1
Let n(x) = -3*x**2 - 5*x + 4. Suppose 7*b + 9 + 19 = 0. What is n(b)?
-24
Let q = -35 + 21. Let x be (-9)/6 - q/4. Let t(z) = -3*z + 2 + x*z + 0*z + 3. What is t(6)?
-1
Suppose i + i + 36 = -5*w, -4*i = w + 18. Let p(a) = a**3 + 7*a**2 + 4*a + 4. Give p(w).
16
Let z(w) be the first derivative of -w**2 + 3*w - 127. Determine z(8).
-13
Let i(s) = -26 - 3*s + s + 27. Suppose 0 = 3*l - 7*l + 2*g, 0 = 4*l - 4*g - 8. Determine i(l).
5
Suppose -2*i = -12*y + 17*y - 59, -y = -5*i - 1. Let f(q) = q**3 - 10*q**2 - 10*q - 6. Determine f(y).
5
Let w(m) = 3*m - 5 - 11 + m + 9. Determine w(7).
21
Let v = -2 + 4. Suppose 0 = 4*j - 45 - 7. Let l(b) = -36*b + 14*b + 14*b + j*b - 2. What is l(v)?
8
Let h(d) = -2*d**3 - 1. Let q(u) = -u**3 - 4*u**2 - 3*u. Let i be q(-3). Suppose i = l - 4 + 3. Determine h(l).
-3
Let m be (1 - -4)*(1 - 0). Let z(d) = 16*d**3 + 6*d + 1. Let h(k) = 13*k**3 - k**2 + 5*k. Let v(t) = -5*h(t) + 4*z(t). What is v(m)?
-1
Let o(d) = 40*d + 3. Let k(a) = 11*a - 1. Let q(z) = -4*k(z) + o(z). Give q(14).
-49
Let g(c) be the third derivative of -c**6/60 + c**4/24 - c**2. Let t be (-4)/4 + 8/(-2). Let y(i) = i**3 + 5*i**2 + i + 4. Let w be y(t). Determine g(w).
1
Let k(y) = -4*y**2 + 2*y - 5. Let q(u) = -7*u**2 + 4*u - 8. Let s(g) = -5*k(g) + 3*q(g). Let r(f) = 3*f + 1. Let c be r(1). What is s(c)?
-7
Suppose 5*w = 2*w. Suppose -a - 6 = -4*a. Let v(u) = -u**a + 0*u - u + 1 - 7. Give v(w).
-6
Suppose 0 = -4*t + 73 - 17. Suppose s + s = 5*d - t, 0 = -4*d - 4*s. Let v(u) = 8*u**3 - 3*u**d + 7*u - 7*u**3 - 2 - 5*u. Determine v(3).
4
Let g = -11 + 17. Suppose 0 = -2*f - g, 2*h = -2*h - 4*f - 28. Let l(o) =